 97 + 4*m - 5*m. What is o(-7)?
7
Let n be ((-45)/10)/9 + 6/(-4). Let g(i) = -i - 2. Give g(n).
0
Let h = 549 + -543. Let k(d) = -d**2 + d + 7. Give k(h).
-23
Let x(k) = -k**2 + 3*k + 5. Let p = 275 + -269. What is x(p)?
-13
Suppose -5*b + 11 = 3*p - b, 15 = 4*p + 5*b. Let f(d) = d + 20. Suppose -33*j - 44 = -37*j. Let q(o) = 4. Let y(m) = j*q(m) - 2*f(m). What is y(p)?
-6
Suppose 5*n + 1 + 3 = -2*t, t - 13 = 5*n. Suppose -13 = 4*s + t. Let w(d) = 3*d - 2. Let p(r) = -4*r + 3. Let f(y) = -4*p(y) - 5*w(y). What is f(s)?
-6
Suppose 57 = 7*h + 22. Let o(s) = -s**2 + 15. Give o(h).
-10
Let f(a) = a**2 + 4*a - 1. Let o be 36/84 + (-4)/(-7). Let c(u) = -4*u**3 - u**2 + 3*u - 2. Let t be c(o). Give f(t).
-1
Let s(l) = 3*l**2 + 19 + 10 - 28. Suppose -12*u - 2 = -14*u. Give s(u).
4
Let n(d) = d**2 + 2. Let g = -146 - -146. Calculate n(g).
2
Let p(o) = 10*o**2 - o - 7. Let z(w) = 8*w**2 - w - 6. Let c(s) = -5*p(s) + 6*z(s). Calculate c(-3).
-16
Let o be (20/6)/5*18. Suppose -5*l + 2*l + o = 0. Let q(r) = -r + 9*r - 5*r - 5 - l*r. Give q(-7).
2
Suppose -3*h - 7 = -1. Let f(l) = -11*l + 3. Let t(i) = -12*i + 4. Let n = 200 + -197. Let u(m) = h*t(m) + n*f(m). What is u(-1)?
10
Let d(r) = r. Let p(i) = 1. Let n be (7/(-7))/(-1*1). Let k(o) = n*d(o) + 4*p(o). Let j = -23 - -20. Determine k(j).
1
Let a(o) = 2*o - 5. Let y(j) = j**3 + 29*j**2 + 25*j - 79. Let u be y(-28). Calculate a(u).
5
Let i(s) = -10*s**3 + s**2 + s. Suppose -2*q + 6 = m + 138, -2*q = 6. Let f = 125 + m. Calculate i(f).
10
Let h = -1 + 6. Suppose -5 - 5 = h*s. Let q(z) = -47*z**2 + 3*z + 4. Let p(x) = 14*x**2 - x - 1. Let i(t) = -10*p(t) - 3*q(t). Determine i(s).
0
Let u(a) = a - 1. Let w(b) = b**2 + 6*b - 11. Let z(s) = 4*u(s) - w(s). Let j be z(-4). Let d(n) = -13*n**3 + n. What is d(j)?
12
Let l(n) = 11*n + 1. Let m(d) = d**2 + 24*d - 178. Let v be m(-30). What is l(v)?
23
Let j(q) be the first derivative of 3*q**2/2 - 27*q - 33. Suppose r - 9 = -0*r. Let v be j(r). Let z(p) = -p - 9. What is z(v)?
-9
Suppose 8 - 22 = -p. Let o = -12 + p. Suppose 6 + o = -4*u. Let v(j) = -2*j**2 - j + 2. Calculate v(u).
-4
Let d(i) be the third derivative of -i**5/120 + i**4/8 + 8*i**3/3 + 21*i**2. Let o(m) be the first derivative of d(m). Calculate o(-5).
8
Let x(j) = -2 - 3 + 2 + 3*j - 7*j - 1. What is x(7)?
-32
Let r(x) be the first derivative of -x**2 + 19*x - 156. Calculate r(0).
19
Let o(u) = 5*u + 4 + 0*u + 0*u**2 - 2*u**2. Let g = -6 - 2. Let d be 6/(-4)*g/3. Determine o(d).
-8
Let h(s) be the first derivative of s**2/2 + 3*s - 14. Determine h(-3).
0
Let x(k) = 19*k - 13*k - 9*k - 77 + 76. Determine x(4).
-13
Let q(r) = 1. Let u(x) = -5. Let z(c) = -6*q(c) - u(c). Let j(l) = -l - 16. Let f(g) = j(g) - 2*z(g). What is f(0)?
-14
Let q(x) = 5*x**3 + 28*x**2 + 7*x + 17. Let i(a) = -14*a**3 - 81*a**2 - 20*a - 49. Let g(y) = -6*i(y) - 17*q(y). What is g(10)?
15
Suppose 7*p - 1 = 6*p. Let u be (-2)/2*(p - 2). Let s(x) = 5*x**2 - 1. Determine s(u).
4
Let x(m) = m**3 + 6*m**2 + m + 8. Let r(a) = -4*a - 5. Let g be r(-2). Suppose -4*j - j = -g*q + 29, -2*q + 51 = 3*j. Let y = -24 + q. Calculate x(y).
2
Let u = 10 - 5. Let t(l) = 11*l**3 - 9*l**2 - 12*l + 5. Let z(b) = -13*b**3 + 10*b**2 + 13*b - 5. Let k(x) = 6*t(x) + 5*z(x). Determine k(u).
-5
Let c(k) = -15*k**3 + 5*k**2 - 5*k + 5. Let j(z) = -6*z**3 + 2*z**2 - 2*z + 2. Let u(w) = -3*c(w) + 8*j(w). Give u(1).
-2
Let h(b) = b**3 - 6*b**2 - 2*b + 7. Let l = 166 - 160. Give h(l).
-5
Suppose -15 = -7*u + 13. Let p(h) be the second derivative of h**5/20 - h**4/4 - h**3/3 - 6*h. Give p(u).
8
Let q(v) = -7*v + 4 + v**2 + 0 + 2. Let a be (-4)/(-18) + 8/(-36). Suppose 6*j - 2*j - 4 = -4*i, j - 2*i - 13 = a. Calculate q(j).
-4
Suppose d = s + 1, -10*s + 12*s - 5*d + 11 = 0. Let b(p) = p**2 - 2*p + 2. Determine b(s).
2
Let g(o) = -o**3 + 4*o**2 + 4*o - 4. Let n(x) be the third derivative of 5/6*x**3 - 1/60*x**5 - 3/8*x**4 + 0 + 2*x**2 + 0*x. Let h be n(-9). What is g(h)?
-9
Let s be 10*(-3 + (-10)/(-4)). Suppose 0 = -5*g - 2*v + 6 + 10, 0 = g + 2*v. Let f(t) = -5*t - 3 + g*t - 2 + 1. What is f(s)?
1
Let k(o) = 27*o + 13. Let v(x) = -23*x - 11. Let l(c) = -6*k(c) - 7*v(c). What is l(6)?
-7
Suppose 0 = -4*x - 10 - 6. Suppose -2*d = -5*u + 18, -4*u = d - 2 - 2. Let z(o) = 4*o**u - 3*o**2 + 36 - 39. Give z(x).
13
Let l(o) be the first derivative of -o**3/6 + 5*o**2/2 - 2*o - 1. Let d(q) be the first derivative of l(q). What is d(6)?
-1
Suppose 3 = -a, 120 = 2*r + 4*a - 0*a. Let n(k) = -r*k - 2*k**2 - 3 + 28*k + 33*k. Determine n(-3).
-6
Let o(v) be the second derivative of -v**5/20 + v**4/6 - v**3/2 + 3*v**2/2 + 6*v - 5. Determine o(3).
-15
Let j(t) = 104*t**2 + 6 - 58*t**2 - 54*t**2 + 6*t + t**3. Calculate j(7).
-1
Let p(u) = -3*u**2 - 4*u + 10. Let y be p(-3). Suppose 0 = -m + 3*m - 4. Let n(s) = 4 + m*s**3 + 0*s - 10 + 4*s**2 - 6*s - s**3. Calculate n(y).
-1
Let c(z) = -z**3 + 5*z**2 + 3*z + 8. Let d(k) = k**3 - 9*k**2 + 20*k - 6. Let h be d(6). What is c(h)?
-10
Let n(z) be the first derivative of -5*z**4/4 + 3*z**3 - 13*z**2/2 + 3*z + 12. Let w(v) = -v**3 + v**2 - v + 1. Let t(g) = -n(g) + 6*w(g). Determine t(-5).
18
Suppose 4*w = -182 - 78. Let o = w + 68. Let v(s) = 2*s**2 - s + 2*s**3 - 3*s**3 + 2*s. Give v(o).
-6
Let o(i) = -4*i**2 - 40*i + 17. Let z(t) = 3*t**2 + 27*t - 11. Let h(m) = 5*o(m) + 7*z(m). Determine h(9).
-10
Suppose 4*y - 4 - 4 = 0. Let d be 110/(-4) - 1/y. Let l be 2/(-3) + d/(-6). Let c(o) = 3*o - 6. Calculate c(l).
6
Let a be 4/14 + (-445)/(-35). Suppose -a*k = -16*k + 3. Let x(r) = -8*r**3 - 2*r**2 + r. Give x(k).
-9
Let v(n) = -3*n**3 - 3*n**2 - 3*n + 18. Let z(f) = -2*f**3 - 2*f**2 - 2*f + 19. Let g(u) = -3*v(u) + 4*z(u). What is g(0)?
22
Let v(y) = -8 + 0 - 4 + 3*y + 0*y. Calculate v(6).
6
Let c(y) = -10*y - 15. Let b(m) = 8*m + 14. Let k(p) = 6*b(p) + 5*c(p). What is k(9)?
-9
Let z(x) = x**3 - 3*x**2 + x + 4. Let l(b) = 4*b**2 + 1. Let p be l(1). Let a be (-6)/((10/(-3))/p). Suppose 2*v - a = -3. Determine z(v).
7
Suppose 3*g = -4*c - 226, -3*g - 174 = -3*c + 87. Let i = -80 - g. Let s(z) = 4*z - 3. Determine s(i).
5
Let p(d) = d**2 - 8*d + 6. Let f = -14 + 14. Suppose f = -h - 4*h + 30. Let o be p(h). Let q(k) = k + 5. Determine q(o).
-1
Let p = 44 + -42. Let h(v) = -2*v + 0 + 5*v**2 + 3*v**3 - 5 - 6*v**3 + p*v**3. Calculate h(4).
3
Let g(y) be the third derivative of -y**6/120 + y**5/30 - y**3/6 - 2*y**2. Suppose 0 = 25*x - 20*x. Suppose -2 = -4*l + 5*m - 15, 4*m - 20 = x. Give g(l).
-10
Let b(p) = p**2 - 7*p + 4. Let o(v) = -2*v**2 + 11*v + 27. Let a be o(7). Calculate b(a).
-2
Let g(q) be the second derivative of q**3/6 + 7*q**2/2 + 5*q. Suppose 64 = 13*f - 14. Give g(f).
13
Let c(l) = -90*l + 11*l**2 - 34 + 102*l - 10*l**2. Determine c(-14).
-6
Let r(l) = -1. Let n(v) = 2*v**2 - 7*v + 9. Let t(x) = -x**2 + x - 1. Let h(d) = n(d) + 3*t(d). Let b(s) = h(s) + 3*r(s). What is b(-5)?
-2
Let t(x) be the first derivative of x**2 - 29 - 1/4*x**4 - 4*x + 1/3*x**3. Calculate t(3).
-16
Let s(z) = z - 6. Let l(i) = 1. Let a = -7 + -3. Let v(h) = a*l(h) - 2*s(h). Suppose 9*r - 5*p + 3 = 6*r, 4*p = 12. What is v(r)?
-6
Let x(i) be the first derivative of i**2 - 13*i + 26. Determine x(4).
-5
Let h(p) = p - 14. Let c = -36 + 43. What is h(c)?
-7
Suppose -74*h = -75*h + 70. Let v(m) = -m**3 + 0 - 2 + 76*m**2 - 5*m - h*m**2. Determine v(4).
10
Suppose 0*n - n + 4 = 0. Let j(k) = -k**3 + 5*k**2 - 3*k. Determine j(n).
4
Let l(t) = -39*t - 2. Let b(o) = 20*o + 3. Let c be 4/18 + (-49)/(-63). Let w(k) = 1. Let v(n) = c*b(n) - 2*w(n). Let p(r) = 6*l(r) + 11*v(r). Determine p(-1).
13
Suppose 4*x = -4 + 8. Let k(c) be the second derivative of c**5/120 + c**4/24 + c**3/2 - 2*c. Let t(w) be the second derivative of k(w). What is t(x)?
2
Let o(z) = 3*z. Suppose m + 1 = -d, 2*d + 4*m - m + 4 = 0. Let p(y) = -3*y**2 - 3*y + 3. Let v be p(d). Give o(v).
-9
Let d(s) = -s - 17. Let r be -11 - -5 - (5 - -1)/(-1). Calculate d(r).
-17
Let x = 7 + -6. Let v = 4 - x. Let j(w) = w + v*w - 10*w - 7*w. What is j(1)?
-13
Let f(i) be the second derivative of -i**5/20 + i**4/3 + i**3/3 - 5*i**2/2 - 13*i. Let y = 138 - 98. Suppose 0 = 5*p + 20 - y. Calculate f(p).
3
Let a(m) be the first derivative of -11*m**4/4 + m**3/3 - m + 8. Let d(y) = -y - 3. Let x be d(-5). Suppose